b(y) = 2*y**3 - 32*y**2 - 338*y + 3938. Calculate b(11).
-990
Let p(c) = -c**3 + 16*c**2 + 19604*c - 255297. Determine p(13).
62
Let n(q) = 2*q**2 - 423*q - 4. Determine n(-4).
1720
Let i(v) = -2*v**2 + 293*v + 1173. Give i(-4).
-31
Let s(q) = -2*q**2 + 407*q + 65599. Determine s(-106).
-15
Let n(f) = 4*f**2 - 341*f - 220032. What is n(281)?
-9
Let q(c) = -2*c - 121. Give q(-20).
-81
Let f(u) = 56*u**3 - 10*u**2 + 42*u - 15. Determine f(2).
477
Let d(c) = -c**3 + 35*c**2 + 3337*c - 120733. Determine d(37).
-2
Let b(r) = 1586107*r + 1586115. What is b(-1)?
8
Let b(c) = 15*c**2 + 303*c - 18889. Calculate b(-47).
5
Let l(u) = -234*u + 37272. Calculate l(159).
66
Let d(v) = -107*v**3 + 73*v**2 - 210*v - 17. Determine d(3).
-2879
Let l(r) = -2*r**2 - 191*r + 8021. Determine l(-127).
20
Let v(a) = 3761*a**2 + 229470*a + 3003. What is v(-61)?
14
Let d(b) = b**3 - 7*b**2 - 18200*b + 145522. Give d(8).
-14
Let v(x) = -83*x**2 + 41527*x - 13435. Calculate v(500).
65
Let u(h) = -h**2 + 631*h + 2. Determine u(0).
2
Let o(k) = 11*k**3 + 3*k**2 + 262*k + 519. Determine o(-2).
-81
Let z(r) = -r**3 - 259*r**2 + 984*r - 17871. Calculate z(-263).
13
Let y(q) = -33*q**3 + 41*q**2 - 98*q + 14. What is y(2)?
-282
Let i(v) = v**3 - 191*v**2 - 1373*v - 2382. Give i(198).
192
Let w(i) = 2*i**3 + 31*i**2 - 207*i - 3017. Calculate w(-12).
475
Let l(s) = -74*s**2 + 316*s - 357. What is l(2)?
-21
Let m(i) = 2*i**3 - 9*i**2 - 101*i + 18. Calculate m(0).
18
Let a(i) = 1790*i - 272916. What is a(152)?
-836
Let s(t) = 17*t**3 - 903*t**2 + 111*t - 243. Determine s(53).
22
Let h(j) = -j**3 + 18*j**2 - 232*j + 2188. Give h(13).
17
Let q(v) = -69*v**3 - 6*v**2 - 191*v + 194. Give q(1).
-72
Let o(l) = -6*l**2 - 2*l + 164. Determine o(-12).
-676
Let g(x) = -216*x + 25916. Give g(111).
1940
Let t(r) = 5102*r + 183621. Calculate t(-36).
-51
Let d(r) = 97*r**2 - 18842*r + 4434. Determine d(194).
-222
Let f(q) = 5*q**3 - 212*q**2 + 126*q - 1886. Determine f(42).
-122
Let w(v) = -2*v**3 - 65*v**2 - 183*v - 4826. Give w(-32).
6
Let c(m) = m**2 + 2865*m + 1165632. Determine c(-491).
-2
Let i(h) = 2*h**3 + 1874*h**2 - 20845*h + 10432. Give i(-948).
4
Let z(b) = 6767*b - 311297. Give z(46).
-15
Let l(p) = 7*p**2 + 2821*p + 22099. Give l(-8).
-21
Let h(r) = -3*r**3 + 280*r**2 + 800*r + 25895. Give h(97).
-4
Let m(f) = 1948*f + 599997. Give m(-308).
13
Let x(f) = f**2 + 1327*f - 7984. Determine x(6).
14
Let h(z) = 18*z**2 - 93*z + 249. Determine h(7).
480
Let g(j) = -1514*j + 13600. Determine g(9).
-26
Let b(z) = -3017*z + 13. What is b(0)?
13
Let w(v) = v**3 - 242*v**2 - 593*v + 25934. Give w(244).
314
Let l(f) = -2*f**3 + 98*f**2 - 356*f - 68. What is l(45)?
112
Let d(z) = -83*z - 4433. Calculate d(-59).
464
Let z(x) = -x**2 + 82*x + 15987. Give z(174).
-21
Let x(k) = -171*k**2 - 3932*k + 27. Give x(-23).
4
Let n(k) = -65*k + 3179. Determine n(48).
59
Let o(a) = 76*a**2 - 265*a - 4626. What is o(-8)?
2358
Let w(f) = -17*f**2 + 204*f + 1419. Determine w(17).
-26
Let z(o) = 358*o**2 + 3223*o + 31. Determine z(-9).
22
Let c(h) = 4*h**2 + 89*h + 284. Give c(-19).
37
Let o(m) = m**3 + 71*m**2 - 134*m - 30626. Determine o(-66).
-2
Let y(b) = -687*b - 2614. Give y(-5).
821
Let m(h) = -8599024*h + 8599035. Calculate m(1).
11
Let o(s) = 7*s**2 - 418*s - 16659. Give o(87).
-42
Let q(n) = 482*n + 4001. Calculate q(-8).
145
Let l(t) = 8*t**2 + 3205*t + 2095. Give l(-400).
95
Let l(w) = -37*w**3 + 10*w**2 - 9*w + 6. Determine l(1).
-30
Let p(u) = 4*u**3 - 211*u**2 + 1931*u - 208. What is p(41)?
-44
Let h(p) = p**2 + 2240*p - 63469. Give h(28).
35
Let y(s) = -s**2 - 2064*s - 183333. Calculate y(-93).
-30
Let q(m) = 20*m**2 + 389*m + 1032. Calculate q(-16).
-72
Let b(r) = 4*r**2 - 222*r - 1430. Give b(0).
-1430
Let p(i) = -81*i + 14349. Determine p(158).
1551
Let m(f) = -47*f**3 - 4109*f**2 - 1741*f - 99. Determine m(-87).
-12
Let f(y) = y**3 - 85*y**2 + 72*y + 969. Give f(84).
-39
Let q(w) = 10381*w - 31136. What is q(3)?
7
Let j(x) = -x**3 + 40*x**2 + 868*x - 253. What is j(55)?
2112
Let m(b) = 316*b**2 - 38*b + 73. Calculate m(2).
1261
Let m(p) = -1361*p - 7332. Calculate m(-6).
834
Let r(a) = a**3 + 141*a**2 - 1175*a - 177. Determine r(8).
-41
Let b(n) = 609*n**2 - 3*n - 62. Determine b(-2).
2380
Let y(g) = g**3 - 229*g**2 + 9331*g - 561. Determine y(176).
-33
Let w(q) = -3*q**3 - 249*q**2 + 1054*q + 865. What is w(-87)?
-5
Let i(u) = -67*u**2 + 51328*u - 4590. Give i(766).
6
Let j(w) = -23*w - 343. What is j(6)?
-481
Let h(t) = -t**2 + 4617*t - 482570. Determine h(107).
0
Let c(k) = -23712*k - 2134073. What is c(-90)?
7
Let k(v) = 1240*v - 88085. What is k(71)?
-45
Let w(p) = 7*p**2 + 266*p + 2340. Calculate w(-9).
513
Let a(g) = -119*g - 23393. Calculate a(-197).
50
Let r(f) = -91*f**2 + 2444*f + 283. Give r(27).
-68
Let a(n) = -3760*n**2 + 3737*n + 17. What is a(1)?
-6
Let a(p) = -2*p**2 + 30*p - 237. What is a(24)?
-669
Let x(q) = 15668*q + 250686. Determine x(-16).
-2
Let g(b) = 16*b - 973. Calculate g(66).
83
Let d(q) = 13258*q + 676137. Give d(-51).
-21
Let o(z) = -z**2 + 391*z + 12371. Give o(-31).
-711
Let m(v) = -v**2 + 63369*v + 253487. Determine m(-4).
-5
Let r(k) = k**3 + 2*k**2 - 145*k - 619. Determine r(-10).
31
Let t(o) = 7*o**2 + 158*o + 1994. Calculate t(-16).
1258
Let c(n) = -n**2 + 4630*n + 149171. Calculate c(-32).
-13
Let u(n) = n**3 - 539*n**2 + 7297*n + 27822. Determine u(525).
-3
Let j(h) = -h**2 - 613*h + 154566. What is j(192)?
6
Let a(m) = 15153*m - 106051. What is a(7)?
20
Let h(u) = -2*u**2 + 234*u - 644. Give h(114).
40
Let r(n) = -n**3 + 10*n**2 + 365*n - 3908. Calculate r(11).
-14
Let h(w) = -20652*w + 433687. Determine h(21).
-5
Let g(q) = -1407*q + 136804. Calculate g(97).
325
Let g(k) = -77*k**2 - 35*k + 32. Give g(1).
-80
Let q(b) = 2*b**2 - 861*b - 32595. Determine q(-35).
-10
Let t(n) = n**3 + 13*n**2 - 37*n - 319. Determine t(-14).
3
Let u(g) = g**3 - 127*g**2 + 838*g + 237. Determine u(120).
-3
Let t(b) = -2*b**3 + 51*b**2 - 95*b + 54. What is t(23)?
514
Let j(c) = c**2 - 1238*c + 14767. Give j(12).
55
Let p(k) = -508769*k - 1526282. Give p(-3).
25
Let z(p) = -7858*p - 71026. Give z(-9).
-304
Let c(g) = -g**2 + 152*g - 2586. Calculate c(136).
-410
Let u(h) = h**3 - 100*h**2 + 2396*h - 5168. Calculate u(34).
0
Let o(i) = -i**2 - 281*i - 9972. Give o(-41).
-132
Let l(s) = -500*s**2 + 698*s - 260. What is l(1)?
-62
Let i(w) = 571*w + 60382. What is i(-106)?
-144
Let f(r) = 5*r**2 + 644*r + 14720. Determine f(-25).
1745
Let w(n) = -134*n + 9156. Determine w(75).
-894
Let m(h) = -7867*h - 31458. What is m(-4)?
10
Let r(f) = -2*f**3 + 75*f**2 - 51*f - 16. Give r(0).
-16
Let k(s) = -2*s**2 - 304*s - 6598. Determine k(-126).
-46
Let k(s) = -84503*s - 676020. Determine k(-8).
4
Let f(t) = -13*t**3 + 2218*t**2 - 1350*t - 1667. Calculate f(170).
33
Let w(k) = -26*k**2 + 847*k - 496. Calculate w(32).
-16
Let u(j) = -8*j**2 - 454*j + 5947. Determine u(11).
-15
Let c(h) = -618*h**2 + 54*h + 52. What is c(-1)?
-620
Let v(c) = -2*c**3 + 60*c**2 - 245*c + 928. Determine v(26).
-34
Let n(k) = -574*k**3 - 2254*k**2 + 173*k + 25. Give n(-4).
5
Let s(c) = 5*c**3 + 274*c**2 - 32*c - 4. Calculate s(0).
-4
Let o(l) = -l**3 + 339*l**2 - 8421*l - 938. What is o(312)?
-2
Let j(y) = -150220*y - 36803899. Calculate j(-245).
1
Let p(h) = -5*h**2 + 2939*h + 46. What is p(0)?
46
Let j(l) = l**3 + 195*l**2 + 2862*l - 590. Calculate j(-179).
-232
Let v(k) = 111*k - 5044. Determine v(38).
-826
Let o(q) = -q**3 + 5*q**2 - 48*q + 30. Determine o(0).
30
Let p(n) = 1195*n + 3512. Calculate p(-3).
-73
Let p(r) = -2011*r + 68369. Give p(34).
-5
Let t(w) = -562*w - 6041. Give t(-11).
141
Let k(n) = -n**2 - 27447*n + 576823. Give k(21).
-5
Let b(p) = 1721*p + 67652. Give b(-39).
533
Let h(g) = 152*g + 4376. Give h(-27).
272
Let p(a) = -1612*a + 565813. Determine p(351).
1
Let a(u) = 174618*u - 3841555. What is a(22)?
41
Let p(h) = -h**3 + 35*h**2 - 201*h + 442. Determine p(29).
-341
Let k(z) = -89*z**2 + 5781*z + 315. Give k(65).
55
Let d(b) = -b**3 + 78*b**2 - 37*b + 2693. Give d(78).
-193
Let c(p) = p**3 - 141*p**2 + 1313*p - 8. Give c(10).
22
Let a(o) = 455042*o - 1820177. Determine a(4).
-9
Let j(o) = 2*o**2 - 226*o + 1967. Give j(116).
2663
Let m(r) = 51031*r + 2398459. Give m(-47).
2
Let i(k